{"id":434,"date":"2024-08-27T15:22:38","date_gmt":"2024-08-27T15:22:38","guid":{"rendered":"https:\/\/wisniowygaj.pl\/?page_id=434"},"modified":"2024-10-03T13:54:11","modified_gmt":"2024-10-03T13:54:11","slug":"agrotyrystyka","status":"publish","type":"page","link":"https:\/\/wisniowygaj.pl\/index.php\/agrotyrystyka\/","title":{"rendered":"AGROTYRYSTYKA"},"content":{"rendered":"<p>[et_pb_section fb_built=&#8221;1&#8243; _builder_version=&#8221;4.22.1&#8243; _module_preset=&#8221;default&#8221; custom_padding=&#8221;1px||1px|||&#8221; global_colors_info=&#8221;{}&#8221;][et_pb_row disabled_on=&#8221;on|on|off&#8221; _builder_version=&#8221;4.27.0&#8243; _module_preset=&#8221;default&#8221; custom_padding=&#8221;1px||4px|||&#8221; global_colors_info=&#8221;{}&#8221;][et_pb_column type=&#8221;4_4&#8243; _builder_version=&#8221;4.22.1&#8243; _module_preset=&#8221;default&#8221; global_colors_info=&#8221;{}&#8221;][et_pb_image src=&#8221;https:\/\/wisniowygaj.pl\/wp-content\/uploads\/2024\/08\/wisniowy-gaj-wisnie.png&#8221; title_text=&#8221;wisniowy gaj wisnie&#8221; align=&#8221;center&#8221; _builder_version=&#8221;4.22.1&#8243; _module_preset=&#8221;default&#8221; global_colors_info=&#8221;{}&#8221;][\/et_pb_image][\/et_pb_column][\/et_pb_row][et_pb_row _builder_version=&#8221;4.22.1&#8243; _module_preset=&#8221;default&#8221; custom_padding=&#8221;1px||4px|||&#8221; global_colors_info=&#8221;{}&#8221;][et_pb_column type=&#8221;4_4&#8243; _builder_version=&#8221;4.22.1&#8243; _module_preset=&#8221;default&#8221; global_colors_info=&#8221;{}&#8221;][et_pb_image src=&#8221;https:\/\/wisniowygaj.pl\/wp-content\/uploads\/2024\/08\/wisniowy-gaj-wisnie.png&#8221; title_text=&#8221;wisniowy gaj wisnie&#8221; align=&#8221;center&#8221; disabled_on=&#8221;off|off|on&#8221; _builder_version=&#8221;4.27.0&#8243; _module_preset=&#8221;default&#8221; transform_scale=&#8221;232%|232%&#8221; global_colors_info=&#8221;{}&#8221;][\/et_pb_image][\/et_pb_column][\/et_pb_row][\/et_pb_section][et_pb_section fb_built=&#8221;1&#8243; _builder_version=&#8221;4.22.1&#8243; _module_preset=&#8221;default&#8221; custom_padding=&#8221;0px||22px|||&#8221; global_colors_info=&#8221;{}&#8221;][et_pb_row column_structure=&#8221;1_2,1_2&#8243; _builder_version=&#8221;4.22.1&#8243; _module_preset=&#8221;default&#8221; custom_margin=&#8221;17px|auto||auto||&#8221; custom_padding=&#8221;0px||0px|||&#8221; global_colors_info=&#8221;{}&#8221;][et_pb_column type=&#8221;1_2&#8243; _builder_version=&#8221;4.22.1&#8243; _module_preset=&#8221;default&#8221; global_colors_info=&#8221;{}&#8221;][et_pb_image src=&#8221;https:\/\/wisniowygaj.pl\/wp-content\/uploads\/2024\/09\/DSC_9956.jpg&#8221; title_text=&#8221;DSC_9956&#8243; _builder_version=&#8221;4.27.0&#8243; _module_preset=&#8221;default&#8221; animation_style=&#8221;slide&#8221; global_colors_info=&#8221;{}&#8221;][\/et_pb_image][\/et_pb_column][et_pb_column type=&#8221;1_2&#8243; _builder_version=&#8221;4.22.1&#8243; _module_preset=&#8221;default&#8221; global_colors_info=&#8221;{}&#8221;][et_pb_text _builder_version=&#8221;4.27.0&#8243; _module_preset=&#8221;default&#8221; text_font=&#8221;Arbutus Slab||||||||&#8221; text_text_color=&#8221;#6b260e&#8221; text_font_size=&#8221;20px&#8221; animation_style=&#8221;slide&#8221; global_colors_info=&#8221;{}&#8221;]<\/p>\n<p style=\"text-align: center;\"><strong>Miejsce na Udany Wypoczynek<\/strong><\/p>\n<p style=\"text-align: center;\"><span style=\"color: #6b260e;\"><span style=\"font-family: Georgia, serif;\"><span style=\"font-size: medium;\">Wi\u015bniowy Gaj to oaza spokoju, gdzie ka\u017cda rodzina znajdzie co\u015b dla siebie. W ciep\u0142e dni mo\u017cecie odpocz\u0105\u0107 nad pobliskim jeziorem Ro\u017cnowskim lub rzek\u0105 \u0141ososin\u0105, a wieczorem zrelaksowa\u0107 si\u0119 w ogrodzie. Nasze gospodarstwo to miejsce, gdzie tradycja i rodzinna atmosfera id\u0105 w parze, tworz\u0105c idealne warunki do wsp\u00f3lnego wypoczynku. Otoczeni malowniczymi sadami, z dala od zgie\u0142ku miasta, mo\u017cecie cieszy\u0107 si\u0119 prawdziw\u0105 cisz\u0105 i blisko\u015bci\u0105 natury. To miejsce, gdzie ka\u017cdy poranek wita nas \u015bpiewem ptak\u00f3w, a wieczory przynosz\u0105 chwile wytchnienia w otoczeniu natury. <\/span><\/span><\/span><\/p>\n<p>[\/et_pb_text][\/et_pb_column][\/et_pb_row][et_pb_row column_structure=&#8221;1_2,1_2&#8243; _builder_version=&#8221;4.22.1&#8243; _module_preset=&#8221;default&#8221; custom_margin=&#8221;33px|auto||auto||&#8221; custom_padding=&#8221;0px||0px|||&#8221; global_colors_info=&#8221;{}&#8221;][et_pb_column type=&#8221;1_2&#8243; _builder_version=&#8221;4.22.1&#8243; _module_preset=&#8221;default&#8221; global_colors_info=&#8221;{}&#8221;][et_pb_image src=&#8221;https:\/\/wisniowygaj.pl\/wp-content\/uploads\/2024\/09\/DSC_0043x-scaled.jpg&#8221; title_text=&#8221;DSC_0043x&#8221; _builder_version=&#8221;4.27.2&#8243; _module_preset=&#8221;default&#8221; custom_margin=&#8221;-14px|||||&#8221; custom_padding=&#8221;0px|||||&#8221; animation_style=&#8221;slide&#8221; global_colors_info=&#8221;{}&#8221;][\/et_pb_image][\/et_pb_column][et_pb_column type=&#8221;1_2&#8243; _builder_version=&#8221;4.22.1&#8243; _module_preset=&#8221;default&#8221; global_colors_info=&#8221;{}&#8221;][et_pb_text _builder_version=&#8221;4.27.0&#8243; _module_preset=&#8221;default&#8221; text_font=&#8221;Arbutus Slab||||||||&#8221; text_text_color=&#8221;#6b260e&#8221; text_font_size=&#8221;20px&#8221; animation_style=&#8221;slide&#8221; global_colors_info=&#8221;{}&#8221;]<\/p>\n<p style=\"text-align: center;\"><strong>Agroturystyka z Rodzinnym Sercem<\/strong><\/p>\n<p style=\"text-align: center;\"><span style=\"color: #6b260e;\"><span style=\"font-family: Georgia, serif;\"><span style=\"font-size: medium;\">Nasze gospodarstwo to nie tylko miejsce na nocleg, ale tak\u017ce przestrze\u0144 do sp\u0119dzania czasu w gronie rodzinnym. Wasze dzieci b\u0119d\u0105 mia\u0142y okazj\u0119 pobawi\u0107 si\u0119 na plenerowym placu zabaw, pozna\u0107 nasze zwierz\u0119ta i sp\u0119dzi\u0107 czas w kontakcie z natur\u0105. Zapewniamy domow\u0105 atmosfer\u0119 i smaczne, regionalne posi\u0142ki przygotowywane z w\u0142asnych produkt\u00f3w. To <span>idealne miejsce spo\u015br\u00f3d nocleg\u00f3w w okolicy Limanowej (<\/span><a href=\"https:\/\/meteor-turystyka.pl\/noclegi,limanowa,0.html\" target=\"_blank\" data-saferedirecturl=\"https:\/\/www.google.com\/url?q=https:\/\/meteor-turystyka.pl\/noclegi,limanowa,0.html&amp;source=gmail&amp;ust=1728049860442000&amp;usg=AOvVaw2Be8WIxNOe9uA5z4Wt0kUf\" rel=\"noopener\">zobacz tu<\/a><span>), by oderwa\u0107 si\u0119<\/span>\u00a0od miejskiego zgie\u0142ku i na\u0142adowa\u0107 baterie w spokojnym, sielskim otoczeniu.<\/span><\/span><\/span><\/p>\n<p>[\/et_pb_text][\/et_pb_column][\/et_pb_row][et_pb_row column_structure=&#8221;1_2,1_2&#8243; _builder_version=&#8221;4.22.1&#8243; _module_preset=&#8221;default&#8221; custom_margin=&#8221;33px|auto||auto||&#8221; custom_padding=&#8221;0px||0px|||&#8221; global_colors_info=&#8221;{}&#8221;][et_pb_column type=&#8221;1_2&#8243; _builder_version=&#8221;4.22.1&#8243; _module_preset=&#8221;default&#8221; global_colors_info=&#8221;{}&#8221;][et_pb_image src=&#8221;https:\/\/wisniowygaj.pl\/wp-content\/uploads\/2024\/09\/DSC_0224x-scaled.jpg&#8221; title_text=&#8221;DSC_0224x&#8221; _builder_version=&#8221;4.27.2&#8243; _module_preset=&#8221;default&#8221; custom_margin=&#8221;-14px|||||&#8221; custom_padding=&#8221;0px|||||&#8221; animation_style=&#8221;slide&#8221; global_colors_info=&#8221;{}&#8221;][\/et_pb_image][\/et_pb_column][et_pb_column type=&#8221;1_2&#8243; _builder_version=&#8221;4.22.1&#8243; _module_preset=&#8221;default&#8221; global_colors_info=&#8221;{}&#8221;][et_pb_text _builder_version=&#8221;4.27.0&#8243; _module_preset=&#8221;default&#8221; text_font=&#8221;Arbutus Slab||||||||&#8221; text_text_color=&#8221;#6b260e&#8221; text_font_size=&#8221;20px&#8221; animation_style=&#8221;slide&#8221; global_colors_info=&#8221;{}&#8221;]<\/p>\n<p style=\"text-align: center;\"><strong>Rodzinne Wypady do Wi\u015bniowym Gaju<\/strong><\/p>\n<p style=\"text-align: center;\"><span style=\"color: #6b260e;\"><span style=\"font-family: Georgia, serif;\"><span style=\"font-size: medium;\">W naszym gospodarstwie agroturystycznym Wi\u015bniowy Gaj, rodziny z dzie\u0107mi odnajd\u0105 prawdziwy raj na ziemi. W samym sercu Beskidu Wyspowego, na zboczu g\u00f3ry Kale\u0144, stworzyli\u015bmy miejsce, gdzie tradycja spotyka si\u0119 z natur\u0105, a ka\u017cdy dzie\u0144 przynosi nowe przygody. Dzieci mog\u0105 tu bawi\u0107 si\u0119 na \u015bwie\u017cym powietrzu, odkrywa\u0107 tajemnice lasu i uczestniczy\u0107 w warsztatach edukacyjnych, poznaj\u0105c dawne zwyczaje i \u017cycie w gospodarstwie. <\/span><\/span><\/span><\/p>\n<p style=\"text-align: center;\">[\/et_pb_text][\/et_pb_column][\/et_pb_row][\/et_pb_section][et_pb_section fb_built=&#8221;1&#8243; _builder_version=&#8221;4.22.1&#8243; _module_preset=&#8221;default&#8221; custom_margin=&#8221;-11px|||||&#8221; custom_padding=&#8221;1px||1px|||&#8221; global_colors_info=&#8221;{}&#8221;][et_pb_row _builder_version=&#8221;4.22.1&#8243; _module_preset=&#8221;default&#8221; custom_padding=&#8221;1px||4px|||&#8221; global_colors_info=&#8221;{}&#8221;][et_pb_column type=&#8221;4_4&#8243; _builder_version=&#8221;4.22.1&#8243; _module_preset=&#8221;default&#8221; global_colors_info=&#8221;{}&#8221;][et_pb_image src=&#8221;https:\/\/wisniowygaj.pl\/wp-content\/uploads\/2024\/08\/wisniowy-gaj-wisnie.png&#8221; title_text=&#8221;wisniowy gaj wisnie&#8221; align=&#8221;center&#8221; disabled_on=&#8221;on|on|off&#8221; _builder_version=&#8221;4.27.0&#8243; _module_preset=&#8221;default&#8221; global_colors_info=&#8221;{}&#8221;][\/et_pb_image][\/et_pb_column][\/et_pb_row][et_pb_row _builder_version=&#8221;4.22.1&#8243; _module_preset=&#8221;default&#8221; custom_padding=&#8221;1px||4px|||&#8221; global_colors_info=&#8221;{}&#8221;][et_pb_column type=&#8221;4_4&#8243; _builder_version=&#8221;4.22.1&#8243; _module_preset=&#8221;default&#8221; global_colors_info=&#8221;{}&#8221;][et_pb_image src=&#8221;https:\/\/wisniowygaj.pl\/wp-content\/uploads\/2024\/08\/wisniowy-gaj-wisnie.png&#8221; title_text=&#8221;wisniowy gaj wisnie&#8221; align=&#8221;center&#8221; disabled_on=&#8221;off|off|on&#8221; _builder_version=&#8221;4.27.0&#8243; _module_preset=&#8221;default&#8221; transform_scale=&#8221;220%|220%&#8221; global_colors_info=&#8221;{}&#8221;][\/et_pb_image][\/et_pb_column][\/et_pb_row][\/et_pb_section][et_pb_section fb_built=&#8221;1&#8243; _builder_version=&#8221;4.22.1&#8243; _module_preset=&#8221;default&#8221; custom_padding=&#8221;3px||0px|||&#8221; global_colors_info=&#8221;{}&#8221;][et_pb_row _builder_version=&#8221;4.22.1&#8243; _module_preset=&#8221;default&#8221; custom_padding=&#8221;23px||2px|||&#8221; global_colors_info=&#8221;{}&#8221;][et_pb_column type=&#8221;4_4&#8243; _builder_version=&#8221;4.22.1&#8243; _module_preset=&#8221;default&#8221; global_colors_info=&#8221;{}&#8221;][et_pb_text _builder_version=&#8221;4.22.1&#8243; _module_preset=&#8221;default&#8221; text_font=&#8221;Arbutus Slab||||||||&#8221; text_text_color=&#8221;#6b260e&#8221; text_font_size=&#8221;25px&#8221; text_line_height=&#8221;1.8em&#8221; global_colors_info=&#8221;{}&#8221;]<\/p>\n<p style=\"text-align: center;\">ZAREZERWUJ SW\u00d3J POBYT<\/p>\n<p>[\/et_pb_text][\/et_pb_column][\/et_pb_row][et_pb_row _builder_version=&#8221;4.22.1&#8243; _module_preset=&#8221;default&#8221; custom_margin=&#8221;-9px|auto||auto||&#8221; custom_padding=&#8221;||0px|||&#8221; global_colors_info=&#8221;{}&#8221;][et_pb_column type=&#8221;4_4&#8243; _builder_version=&#8221;4.22.1&#8243; _module_preset=&#8221;default&#8221; global_colors_info=&#8221;{}&#8221;][et_pb_code _builder_version=&#8221;4.22.1&#8243; _module_preset=&#8221;default&#8221; global_colors_info=&#8221;{}&#8221;]<iframe id=\"ra-reservation-form-v2-a7578e34b6fdfe74a59743a042279744\" style=\"width: 100%; height:100px; border: none; padding: 0;\" src=\"https:\/\/roomadmin.pl\/widget\/reservation-v2\/start?fh=39f617fe89e02a65993415748bacfc124d2a33d0&#038;style=%7B%22color_accent%22%3A%22%23A1195B%22%2C%22color_bg%22%3A%22%23FFFFFF%22%2C%22color_panel_header%22%3A%22%23FFFFFF%22%2C%22color_panel_body%22%3A%22%23FFFFFF%22%2C%22rounded_corners%22%3Atrue%7D&#038;filter=%7B%7D&#038;lang=pl\"><\/iframe> <script> try { (function () { var iframe = window.document.getElementById('ra-reservation-form-v2-a7578e34b6fdfe74a59743a042279744'); function raMessageReceiver(event) { if (iframe) { if (!event.data.sender || \"reservation-form-a7578e34b6fdfe74a59743a042279744\" !== event.data.sender) { return; } if (event.data.height) { iframe.style.height = (event.data.height + 10) + \"px\"; } if (event.data.event && event.data.event.name === \"widget.scrollup.requested\") { try { iframe.scrollIntoView({behavior: \"smooth\", block: \"start\"}); } catch (e) { } } if (event.data.event && event.data.event.name === \"reservation.submit.success\") { console.log(\"reservation.submit.success\", event.data.event.data.reservation); var moneyTotal = event.data.event.data.reservation.moneyTotal; \/* kwota rezerwacji wyra\u017cona w GROSZACH*\/ var id = event.data.event.data.reservation.id; \/*id rezerwacji*\/ } if (event.data.event && event.data.event.name === \"reservation.variant-search.start\") { \/*console.log(\"variant search started\"); *\/ } } } window.addEventListener(\"message\", raMessageReceiver, false); function setup() { try { iframe.contentWindow.postMessage({ location: window.location.toString(), setup: { autoHeight: true, senderName: \"reservation-form-a7578e34b6fdfe74a59743a042279744\" } }, \"*\"); } catch (e) { } } setInterval(setup, 1000); iframe.addEventListener(\"load\", setup); })(); } catch (e) { console.error(e); } <\/script><!-- [et_pb_line_break_holder] -->[\/et_pb_code][\/et_pb_column][\/et_pb_row][\/et_pb_section]<\/p>\n","protected":false},"excerpt":{"rendered":"<p>Miejsce na Udany Wypoczynek Wi\u015bniowy Gaj to oaza spokoju, gdzie ka\u017cda rodzina znajdzie co\u015b dla siebie. W ciep\u0142e dni mo\u017cecie odpocz\u0105\u0107 nad pobliskim jeziorem Ro\u017cnowskim lub rzek\u0105 \u0141ososin\u0105, a wieczorem zrelaksowa\u0107 si\u0119 w ogrodzie. Nasze gospodarstwo to miejsce, gdzie tradycja i rodzinna atmosfera id\u0105 w parze, tworz\u0105c idealne warunki do wsp\u00f3lnego wypoczynku. Otoczeni malowniczymi sadami, [&hellip;]<\/p>\n","protected":false},"author":1,"featured_media":0,"parent":0,"menu_order":0,"comment_status":"closed","ping_status":"closed","template":"","meta":{"_et_pb_use_builder":"on","_et_pb_old_content":"","_et_gb_content_width":"","footnotes":""},"class_list":["post-434","page","type-page","status-publish","hentry"],"_links":{"self":[{"href":"https:\/\/wisniowygaj.pl\/index.php\/wp-json\/wp\/v2\/pages\/434","targetHints":{"allow":["GET"]}}],"collection":[{"href":"https:\/\/wisniowygaj.pl\/index.php\/wp-json\/wp\/v2\/pages"}],"about":[{"href":"https:\/\/wisniowygaj.pl\/index.php\/wp-json\/wp\/v2\/types\/page"}],"author":[{"embeddable":true,"href":"https:\/\/wisniowygaj.pl\/index.php\/wp-json\/wp\/v2\/users\/1"}],"replies":[{"embeddable":true,"href":"https:\/\/wisniowygaj.pl\/index.php\/wp-json\/wp\/v2\/comments?post=434"}],"version-history":[{"count":10,"href":"https:\/\/wisniowygaj.pl\/index.php\/wp-json\/wp\/v2\/pages\/434\/revisions"}],"predecessor-version":[{"id":689,"href":"https:\/\/wisniowygaj.pl\/index.php\/wp-json\/wp\/v2\/pages\/434\/revisions\/689"}],"wp:attachment":[{"href":"https:\/\/wisniowygaj.pl\/index.php\/wp-json\/wp\/v2\/media?parent=434"}],"curies":[{"name":"wp","href":"https:\/\/api.w.org\/{rel}","templated":true}]}}